 is -4151 - 20538?
-24700
In base 14, what is 3 + -45d92472?
-45d9246d
In base 13, what is -16 + -221c28?
-221c41
In base 3, what is 100 + -12100020022?
-12100012222
In base 15, what is -1096952d + 3?
-1096952a
In base 6, what is -104011012433 - 4?
-104011012441
In base 3, what is 200201022001002 - -11?
200201022001020
In base 12, what is -2 + -5567317?
-5567319
In base 11, what is -70 + 4970895?
4970825
In base 2, what is 100101101010001101 - -110001?
100101101010111110
In base 9, what is -1427413 - 88?
-1427512
In base 3, what is -10212112 - 2120211012?
-2201200201
In base 9, what is -52218 - -3803?
-47315
In base 11, what is 6198 - 836?
5462
In base 11, what is -68a45 + 39?
-68a07
In base 9, what is -1 + 2505753?
2505752
In base 12, what is 18a + 6b2736?
6b2904
In base 16, what is -8fd1c + 2e?
-8fcee
In base 9, what is -646221 - -44?
-646166
In base 2, what is 10000010100101000001000010 - 100?
10000010100101000000111110
In base 9, what is -3 + 11562348?
11562345
In base 14, what is 4ca6c - cc9?
4bb83
In base 15, what is -2ec31c + -5?
-2ec322
In base 11, what is -a9a9 - -1a559?
a660
In base 15, what is 28a73c66 - -1?
28a73c67
In base 3, what is -2 - 12220100111212?
-12220100111221
In base 6, what is -341341205 - 1?
-341341210
In base 4, what is 3230112202 + 212?
3230113020
In base 3, what is -11 + 10120222110211000?
10120222110210212
In base 8, what is 5 + -13652321?
-13652314
In base 6, what is -2341501 + 1123?
-2340334
In base 7, what is 14425 + 34225?
51653
In base 4, what is -1310130321 - 13?
-1310131000
In base 3, what is 1121021010222 + 12?
1121021011011
In base 10, what is -44 + 205950?
205906
In base 13, what is 72 - -88a2?
8944
In base 6, what is -14311103 - 1544?
-14313051
In base 4, what is -20 + 11010303331?
11010303311
In base 12, what is -314 - a362?
-a676
In base 4, what is 1221101203131031 - -1?
1221101203131032
In base 2, what is -110001 + -110001000001000?
-110001000111001
In base 16, what is -1e9e7 - -3b8?
-1e62f
In base 4, what is -203233132130 - 30?
-203233132220
In base 9, what is -30523617 - 1?
-30523618
In base 11, what is 232a5 + 1964?
25159
In base 2, what is -10000110010101000011101101100 - 10?
-10000110010101000011101101110
In base 5, what is -302421 + -233310?
-1041231
In base 11, what is -5 + 606a03?
6069a9
In base 6, what is -222140 + 25155?
-152541
In base 15, what is 2 - b8a82b7?
-b8a82b5
In base 3, what is -110 + -11202110001002?
-11202110001112
In base 3, what is 100012222 - 2221020?
20021202
In base 14, what is -5da362c - -4?
-5da3628
In base 14, what is -4bc31 - 11?
-4bc42
In base 8, what is -50266626 + -3?
-50266631
In base 13, what is -11 - 2349?
-235a
In base 9, what is 220 - 8280?
-8060
In base 16, what is -20ddd7f + 2?
-20ddd7d
In base 14, what is 5 + 8538a5?
8538aa
In base 15, what is -762ba + 11?
-762a9
In base 8, what is 3412737764 - -5?
3412737771
In base 9, what is -35431315 - 1?
-35431316
In base 9, what is -11686 + -345?
-12142
In base 15, what is -1b1a17 + -18?
-1b1a30
In base 3, what is -1022100112000112 + -12?
-1022100112000201
In base 15, what is -1e + -178cad?
-178ccc
In base 13, what is -2 + -2c7343?
-2c7345
In base 3, what is 1000002210 + -110111?
222122022
In base 15, what is 7e - 78ec3?
-78e44
In base 13, what is 9 - -b42692?
b4269b
In base 13, what is 127 - 13bcbc?
-13bb95
In base 16, what is -159 + -15108?
-15261
In base 3, what is 10 - -1220011202?
1220011212
In base 5, what is -223200 + 413303?
140103
In base 12, what is 3 - 1a41835?
-1a41832
In base 6, what is 12403 - 5343?
3020
In base 10, what is -55160 - -339?
-54821
In base 9, what is -30516 - -2301?
-27215
In base 11, what is -12 - a66a517?
-a66a529
In base 12, what is 5 + -18a47846?
-18a47841
In base 6, what is 45451 + 14055?
103550
In base 5, what is 103 + -2024333030?
-2024332422
In base 15, what is 1c - 15a59c?
-15a580
In base 14, what is -3284 - -a4bb?
7237
In base 14, what is 1c - -79b437?
79b455
In base 7, what is 2 - -6434210?
6434212
In base 5, what is 401033 - 34443?
311040
In base 11, what is -14 + 13308?
132a4
In base 11, what is -5 - 120704a?
-1207054
In base 12, what is 128b1 + 19?
1290a
In base 12, what is -12a332884 + 5?
-12a33287b
In base 14, what is -62 + bcb67?
bcb05
In base 3, what is -200111200100101 + -11?
-200111200100112
In base 16, what is 2c + -3daf79?
-3daf4d
In base 8, what is 16 - 6112441?
-6112423
In base 6, what is -1031054 - 532?
-1032030
In base 2, what is 100000000101110010100 - 11001000?
100000000101011001100
In base 14, what is 2b918ab2 + 3?
2b918ab5
In base 3, what is -1200010020102102 - -10?
-1200010020102022
In base 4, what is -111330 - 10132132?
-10310122
In base 14, what is -6 + 840a3b9?
840a3b3
In base 6, what is 12324255 - -3?
12324302
In base 8, what is -1100 + 3555?
2455
In base 15, what is 133 + -1db82?
-1da4e
In base 9, what is 1262304 - 2?
1262302
In base 8, what is 2 - -13733551?
13733553
In base 7, what is 61 - -565566?
565660
In base 12, what is -2 + 15823730?
1582372a
In base 3, what is 0 + -100122102112022?
-100122102112022
In base 10, what is 7 - -33869543?
33869550
In base 6, what is -330 + -2255340?
-2300110
In base 14, what is -240 - -dd5?
b95
In base 3, what is -2200 + 22100211002?
22100201102
In base 3, what is 112201101 - -1122200011?
2012101112
In base 14, what is -1 + 1353d93?
1353d92
In base 11, what is -84436 + -873?
-851a9
In base 6, what is 333 - -45150?
45523
In base 14, what is -b02 - 1bd51?
-1ca53
In base 9, what is -1 - -13606862?
13606861
In base 4, what is 300122 + -1003312?
-103130
In base 15, what is -27b + -4cb35?
-4cdb1
In base 10, what is 31 + 11551?
11582
In base 5, what is 10034012111 + 2?
10034012113
In base 16, what is 226f923 - -2?
226f925
In base 11, what is -66a87 - 21?
-66aa8
In base 12, what is 118b44 + 61?
118ba5
In base 5, what is 21324311 - 22?
21324234
In base 4, what is -100331123222 - -2130?
-100331121032
In base 9, what is 6201 + -124027?
-116726
In base 15, what is -16b77 - 21?
-16b98
In base 2, what is -1100101101 + -11011101011101100?
-11011111000011001
In base 14, what is 0 + 498a99?
498a99
In base 9, what is 1736641855 - -5?
1736641861
In base 2, what is 110110110000101 + 1000100110?
110111110101011
In base 16, what is -6 - b78ed0?
-b78ed6
In base 10, what is 4 - 6120694?
-6120690
In base 4, what is 2103101 + 31010?
2200111
In base 4, what is 20200331 - -10220?
20211211
In base 4, what is 110 + 12200232020?
12200232130
In base 8, what is 11334 + 350321?
361655
In base 12, what is 3879 + 896b?
10628
In base 10, what is 358 - -5853?
6211
In base 4, what is -322231133331 - -10?
-322231133321
In base 3, what is 1102122102011 - -10?
1102122102021
In base 2, what is 1101101 + 11000110000000000?
11000110001101101
In base 14, what is -26098 - -221?
-25c77
In base 8, what is 1 - 14172571?
-14172570
In base 8, what is 355331 - 12?
355317
In base 15, what is -25 + 194b1c?
194ae7
In base 13, what is 241a + -a94?
1656
In base 16, what is -68 - 5d8ac?
-5d914
In base 7, what is 221441060 + -6?
221441051
In base 12, what is -10b - 805?
-914
In base 12, what is -2 + -8a20171?
-8a20173
In base 2, what is 10101101 + 1010110010011001110?
1010110010101111011
In base 7, what is -34324 - 215231?
-252555
In base 4, what is 22 + -2023000333133?
-2023000333111
In base 4, what is -22 - 330223210132?
-330223210220
In base 10, what is 4 - 240259466?
-240259462
In base 9, what is 1 - -6421267?
6421268
In base 4, what is -12111221 + -21302?
-12133123
In base 10, what is 42241400 - 1?
42241399
In base 9, what is 38701436 + -2?
38701434
In base 3, what is 1120 + -212210111102?
-212210102212
In base 12, what is 35b93 - -34?
36007
In base 4, what is -32103 + -21001032?
-21033201
In base 4, what is 3 + -103320113111?
-103320113102
In base 4, what is -100011300 - -111102?
-33300132
In base 5, what is 2 + 1342001143?
1342001200
In base 13, what is 4 + 8632b6?
8632ba
In base 14, what is 1006a56 + 0?
1006a56
In base 2, what is 10111111011 + 111101010100001111?
111101101100001010
In base 14, what is 61c0 - -3761?
9941
In base 10, what is 11 + -8578565?
-8578554
In base 9, what is 0 + 665282?
665282
In base 6, what is -4 - 330145501?
-330145505
In base 7, what is -5 + 6552113606?
6552113601
In base 12, what is -2689615a + -4?
-26896162
In base 5, what is 3011 - 432